 -d**2 - 4*d + 5. Let r be j(-4). Let c be 135/25 + 2/(-5). Suppose -4 + 19 = 3*u, 2*b - c*u = -15. Calculate the highest common factor of b and r.
5
Let d = 64 - 42. Let l(j) = -2*j**2 + 55. Let o be l(0). Calculate the highest common factor of d and o.
11
Let f = 19 - -17. Suppose 15 = -t + 4*t. Suppose 8 = -2*k, t*d - f - 21 = 3*k. Calculate the highest common factor of d and 9.
9
Let l be (-28)/2*60/(-12). Calculate the highest common factor of l and 10.
10
Suppose 0 = -3*m - 5*u + 446, 0*m - 4*u + 448 = 3*m. What is the highest common factor of m and 19?
19
Let r(s) = 2*s + 26. Let w be r(0). Suppose -w = -2*t - 4*g, 0 = 4*t - 5*t + g + 22. What is the greatest common factor of t and 19?
19
Let g be (-3 - -1)*(-1 - 1). Suppose 3*m = g*m - 4. What is the greatest common divisor of 2 and m?
2
Let r(b) be the third derivative of b**6/120 + b**5/10 - 5*b**4/12 - 5*b**3/6 + 7*b**2. Let l be r(-7). Calculate the greatest common divisor of 4 and l.
4
Let p = 8 - 4. Suppose 3*s - 3*h - 81 = 0, s + 2*s + p*h = 81. Suppose -5*f - 4*g + 20 = g, 0 = f - g - 2. Calculate the greatest common divisor of f and s.
3
Let i = 9 - 6. Let y be (9 + -6)*1/i. Calculate the greatest common divisor of y and 5.
1
Let q = 0 - -10. Let p(r) = r**2 + r. Let x be p(-1). Let g = x - -4. What is the greatest common factor of g and q?
2
Suppose 0 = 5*t + 4 - 29. Calculate the highest common divisor of t and 35.
5
Let v be (-5)/4*(-6 - 6). Suppose -t - 5*b + 145 = 0, -2*t - b - 538 = -6*t. Calculate the greatest common factor of t and v.
15
Let v be 22 - 2*2/4. Suppose -2*u = -4*o - 22, 13*o - 16*o = 2*u + 6. Calculate the greatest common factor of v and u.
3
Let t = 87 - 61. Let c = 44 - t. Suppose k - 8 + 2 = 0. What is the highest common factor of k and c?
6
Let g(i) be the third derivative of i**6/120 - i**5/60 + i**4/12 + 7*i**3/6 - 3*i**2. Let c be g(0). Calculate the highest common factor of c and 35.
7
Suppose 2 = -s - 0*s + 3*v, -4*s + 20 = 2*v. Suppose -15 + 367 = s*j. What is the highest common factor of j and 11?
11
Let r(g) = g**3 + 10*g**2 - 13*g - 9. Let d be r(-11). Let j = d - 9. What is the greatest common factor of 10 and j?
2
Let d be (-24)/(-14) - 6/(-21). Suppose -u + 12 = d*u. Suppose 0*v = 4*p + u*v - 80, 4*v = -5*p + 96. Calculate the highest common divisor of 48 and p.
16
Let q be ((-10)/6)/((-10)/30). Suppose -2*h - q*b + 355 = 3*h, -5*b = 4*h - 280. What is the greatest common divisor of 15 and h?
15
Let k(i) = -i**3 + 3*i + 3. Let s be k(-2). Let v be (46/1)/2 - 2. Suppose -14 - v = -s*q. Calculate the highest common divisor of 1 and q.
1
Suppose -5*x + 44 = -x. Let c(g) = -2*g + 5. Let b be c(7). Let n = 20 + b. Calculate the greatest common divisor of x and n.
11
Suppose 96 = 3*a + 18. Calculate the greatest common divisor of 65 and a.
13
Let z be (0 + -14)*(-9)/6. Let o be ((-6)/(-2))/(1/1). What is the highest common divisor of o and z?
3
Let j be 810/5 + -1*3*-1. Calculate the greatest common factor of 15 and j.
15
Suppose 5*f - 65 = -3*v, -v - 10 = -5*f - 5. Calculate the greatest common factor of v and 10.
5
Let c be (4/6)/((-2)/(-30)). Let r be (-2 - (-24)/c)*5. What is the highest common divisor of 14 and r?
2
Let p(s) = 2*s + 6. Let a be p(2). Calculate the greatest common divisor of 5 and a.
5
Let g(y) = -5 + 0 + 3 + 7*y + 8 + y**2. Let t be g(-6). Suppose t = -u - u + 66. Calculate the greatest common divisor of 11 and u.
11
Suppose i + 3*g - 11 = 0, -g - 3 = -i - 4. Suppose i + 4 = 3*o. Suppose -2*a + 31 = n, 6*a = -o*n + 4*a + 70. What is the greatest common factor of n and 13?
13
Let r(l) = -l + 2. Let v be r(0). Suppose v*x = -0*x. Suppose x = 4*h + 16, -4*p = 3*h - 0*h - 28. Calculate the greatest common divisor of 90 and p.
10
Let l(p) = p**3 + 6*p**2 + 5*p + 2. Let j be l(-4). Suppose 154 = -3*s + 4*s. What is the highest common divisor of s and j?
14
Let l(o) = 0 + 0*o + 5*o - 6 + o**2. Let n be l(-6). Suppose n*d - 3*d + 30 = 0. Calculate the greatest common divisor of d and 50.
10
Suppose 0 = -t + 3*g + 9, t - 6*g = -g + 3. Calculate the highest common factor of t and 198.
18
Suppose 14*v + 60 = 17*v. Calculate the highest common divisor of 220 and v.
20
Suppose 0 = -h + 2. Suppose -3*n - 3*q - 6 = 0, h*q + q + 22 = 5*n. Calculate the highest common factor of 4 and n.
2
Suppose -4*t + 3*v + 1 = -15, 8 = -4*t - 3*v. Suppose r - 113 = -5*b, -16 = -5*r - t. What is the greatest common divisor of 2 and b?
2
Suppose -2*u = -0*j - j + 40, -3*u = 3*j - 129. Suppose 182 + j = 4*q. Calculate the greatest common factor of q and 7.
7
Let q = -19 + 20. Calculate the greatest common divisor of 9 and q.
1
Let m be 3 + 9 + -1 + 0. Let b = 29 - m. Calculate the highest common divisor of 126 and b.
18
Let j = -28 + 105. Let g = 7 + 7. Suppose 3*t = m + 31, g = 2*t - 4*m - 0*m. Calculate the greatest common divisor of j and t.
11
Suppose -4*n + 5*k = -640, 3*n - 8*k - 480 = -3*k. Calculate the greatest common divisor of n and 20.
20
Suppose -4*k + 75 = 5*g, g - 60 = -3*g - 4*k. Let q = -46 - -166. Calculate the highest common factor of q and g.
15
Let x(a) = a**3 + 7*a**2 - 9*a + 2. Let w be x(-7). What is the highest common divisor of 26 and w?
13
Let f(c) = c**3 - 6*c**2 + 6*c - 3. Let d be f(5). Suppose 79 - 10 = d*x + 3*w, -163 = -4*x - w. Calculate the highest common factor of x and 21.
21
Let r = -3 - -5. Suppose -2 + 6 = r*q. Suppose 16 = -0*u + u. Calculate the greatest common factor of u and q.
2
Suppose 2*l - v + 1 = 0, -l = -4*l + 3*v - 6. Let i be (0 + -11)*(-9 - l). Let s = 19 - 9. What is the greatest common factor of s and i?
10
Suppose 2*t + 3*t - 25 = 0. Suppose -38 - 17 = -t*u. What is the greatest common divisor of u and 77?
11
Suppose -4*r = 2*i - 16, 0 = 3*r + 2*i - i - 10. Let w = r + 2. Let o = -11 + 23. What is the highest common divisor of w and o?
4
Suppose 0 = 5*k - 273 + 93. Let x be 3/(-2)*(-8)/6. Suppose -g + 4*y = -5*g + 80, 0 = -x*g + y + 52. Calculate the greatest common factor of k and g.
12
Let c(r) = 3*r**3 - 2*r**2 + 2*r + 3. Let k be c(3). Let b = 5 - -4. What is the greatest common divisor of b and k?
9
Let b(y) = -y**3 - 3*y**2 + 6*y - 6. Let x be b(-5). Let l be (-2)/7 + 928/x. What is the highest common factor of l and 6?
6
Let d(v) = -v**2 + 5*v + 2. Suppose -5 = -f - 3*b, 7*f + 3*b = 2*f + 25. Let x be d(f). Calculate the highest common factor of 10 and x.
2
Let s be (-10)/(-55) - 832/(-22). Let y = s + -19. Calculate the highest common factor of y and 38.
19
Let i(y) = -y + 24. Let u be i(19). Suppose -4*f = -5*f + 35. What is the greatest common factor of f and u?
5
Suppose 3*n - 1480 = -4*y, y - 1850 = -4*y - 2*n. What is the greatest common divisor of y and 37?
37
Suppose -3*v + 101 = -5*p, -4*p - 4*v - 44 = 24. Let a = p + 39. Calculate the highest common factor of 8 and a.
4
Suppose 3*m + 429 + 42 = 2*n, -5*m = 15. Calculate the highest common divisor of 33 and n.
33
Suppose 2*l = -4*t + 98, 5*l - 2*t = -0*t + 197. What is the highest common factor of l and 451?
41
Let j be -3 - 2*-18 - (-1 + -2). What is the highest common factor of 24 and j?
12
Suppose 4 = 2*f - 16. Let t = 25 - f. Let a = 0 - -3. Calculate the greatest common divisor of a and t.
3
Suppose 5*g - 25 = 0, 5*p + 3*g = -g + 470. What is the greatest common factor of p and 10?
10
Let v(j) be the first derivative of 17*j**4/4 - j**3 + j**2/2 - 2*j + 4. Let s be v(2). Let b = s - 82. Calculate the highest common factor of b and 7.
7
Let g = -70 - -106. What is the highest common factor of 24 and g?
12
Let h(a) = 2*a + 7. Let b be h(-5). Let l be 6/4*(-346)/b. Let g = -101 + l. What is the highest common divisor of g and 8?
8
Suppose 0 = v + 4*g - 373, 5*v - 2221 = g - 272. Let f = v - 181. Calculate the highest common divisor of 26 and f.
26
Let w be (-1840)/(-28) - 2/(-7). Let p = -38 + w. Calculate the greatest common factor of 7 and p.
7
Suppose 4*p + 2*w + 4 = w, 2*w = 0. Let h be (-2 + 5)*(-5)/p. Suppose -4*f = f - h. What is the highest common factor of 2 and f?
1
Suppose 0 = -4*n + 98 + 22. Let y be -7*(0 + -3)*1. Let g = y - 11. Calculate the highest common divisor of g and n.
10
Let y = -4 + -2. Let x(z) = -2*z + 4. Let v be x(y). Suppose 8 = 2*i - 0*i. What is the greatest common factor of i and v?
4
Suppose -3*q 